-5*h. What is the units digit of r?
1
Let w be (1/(-1))/(7/(-14)). Suppose -2*t = -l + w*t + 4, 0 = -l - t - 21. Let c = l + 34. What is the tens digit of c?
1
Suppose 5 + 1 = 3*u. What is the units digit of ((-3)/u)/(6/(-12))?
3
Let z be (-2)/6 - 2/(-6). Suppose -6 = -z*x - 2*x. What is the units digit of x?
3
What is the tens digit of 3 + (-1 + 10)/((-3)/(-30))?
9
Let f = -7 + 10. What is the tens digit of (-444)/(-15) + f/(-5)?
2
Let i(l) = 2*l + 76. What is the tens digit of i(0)?
7
Suppose -3*v = -3*d - 6*v - 15, -20 = 4*v. Suppose d = b - 4 - 3. What is the units digit of b?
7
Let g(m) = -1. Let f(c) be the second derivative of -c**4/12 + c**3/3 - 3*c**2 + 2*c. Let d(a) = -f(a) + 3*g(a). What is the tens digit of d(4)?
1
Suppose 3*d - 34 = 2*d - 3*f, -3*f + 163 = 4*d. What is the tens digit of d?
4
Suppose -2*p - 5*l = -115, -5*p + 2*p + 2*l + 220 = 0. What is the units digit of p?
0
Suppose 8 = -3*n + 4*x, -5*n + 2*x - 8 = -2*x. Suppose -6*a + 8 - 2 = n. What is the units digit of a?
1
Let h = 162 - 27. Let y be (-2)/8 - h/(-12). Let w = 17 - y. What is the units digit of w?
6
Suppose -d - d - 22 = 0. Let i = -9 - d. What is the units digit of i?
2
Suppose 0 = d + 21 - 6. What is the units digit of (-230)/d - (-2)/(-6)?
5
Let b(j) = j - 8. Let y be b(10). Suppose 4*l = -2*t - 0*l + 24, -2*t - y*l = -26. What is the units digit of t?
4
Let m(l) = l**2 - 14*l - 13. Let z be m(15). Suppose 3*b - 25 = -z*b, 5*b - 19 = 3*d. What is the units digit of d?
2
Let b = -21 - -11. What is the units digit of b/55 + (-334)/(-22)?
5
Suppose -3*a - 2*a = -4*u - 35, -3*u = 5*a - 70. What is the tens digit of a?
1
Let t = -35 + 75. What is the tens digit of t?
4
What is the units digit of (22/(-8) + 4)*4?
5
Let i = 7 - 16. Let k = i + 19. Suppose k = 4*j - 10. What is the units digit of j?
5
Suppose 8*j = 3*j + 15. Suppose x - 140 = -j*x. What is the units digit of x?
5
Let c be (4/2 - 2)*-1. Suppose -3 = -c*j - j. Suppose -j*r + r = -6. What is the units digit of r?
3
Let c(f) = 3 + 2*f + 6*f - 3*f - 3*f. What is the units digit of c(5)?
3
Let r be (-3)/(9/(-15)) + 0. Suppose r*y + 7 = -3. What is the units digit of (-1 + y)*10/(-3)?
0
Let o(g) = -g**2 - 6*g + 3. Let p be o(-5). Suppose -5*w + 20 = 0, 3*s + w + p = 48. What is the units digit of s?
2
Suppose 2*a - 8 = 0, 3*r + 0*a - 190 = 5*a. What is the tens digit of r?
7
Suppose 0 = -7*r + 5*r + 10. Suppose 15 = r*i - 5. Suppose i*b - 17 = 31. What is the units digit of b?
2
Let t(q) = 8*q**2 - q + 1. Let k = -5 + 6. What is the units digit of t(k)?
8
Let q = -4 + 7. Suppose q*r - 30 = 6. What is the tens digit of r?
1
Suppose 7 = 3*b - 23. What is the units digit of b?
0
Let u(i) = -9*i**2 + 19 + 5*i**3 - 20 - 4*i**3. Let t be u(9). What is the tens digit of (-21 - 0)*-1 + t?
2
Suppose m = 4*q - 87, 4*q = 3*m - 25 + 110. What is the units digit of q?
2
Let j(r) = r**3 + 11*r**2 - 3*r + 4. What is the units digit of j(-11)?
7
Let n(m) = -3*m - 7. Let o be n(-5). Let w = 12 - o. What is the units digit of w?
4
Let w = -101 + 165. Let g = 94 - w. Let i = g + -16. What is the tens digit of i?
1
Suppose 2*i = -m + 17, 0*i - 4*m - 22 = -2*i. What is the units digit of i?
9
Let y(d) = -2*d**3 + d**2 - d - 1. Let q(w) = w**2 - 7*w + 7. Let l be q(6). Suppose 2*c = c - l. What is the units digit of y(c)?
3
Let q = -4 + 9. Suppose 12 = -q*o + 32. Suppose -z + 4 + o = 0. What is the units digit of z?
8
Suppose 217 - 87 = 5*o. What is the units digit of o?
6
Suppose -4 = -4*g - 0. Let k(r) = r**3 - r**2 - r + 1. Let l be k(g). What is the units digit of (-1 + l - -2)/1?
1
Suppose z + 5*w - 86 = 0, 2*z - 258 = -z - 3*w. What is the tens digit of z?
8
Let i = -55 - -207. What is the hundreds digit of i?
1
Suppose 7*a - 2*a = 10. Suppose -4*s = 2*k - 24, 2*k - k - 17 = -3*s. What is the units digit of s - (0 + a/(-2))?
6
Let d = 413 + -264. What is the tens digit of d?
4
Suppose -372 = -5*z - 122. Suppose k + k - z = 0. Suppose 2*b = -2*b + a + 25, 0 = -5*a - k. What is the units digit of b?
5
What is the tens digit of (-67 + 5)*1/(-3)*6?
2
Let n(z) = -z - 1. Let k(w) = -4*w - 4. Let p(s) = k(s) - 2*n(s). What is the tens digit of p(-7)?
1
Let r(y) = -3*y**3 - 3*y**2 - 2*y + 2. Let t be r(-2). Let u = t - 10. What is the units digit of ((-9)/(-6))/(6/u)?
2
Let h be 2*(-2 + 3/2). Let x = h - -7. Suppose 0 = 2*m - j - x, -m + 5*m + 5*j + 16 = 0. What is the units digit of m?
1
Let r be 1/(3/(-9)*1). Let p(y) = -y**2 - 3*y + 2. Let q be p(r). Suppose 0 - 2 = -q*a. What is the units digit of a?
1
Let a = -18 + 29. What is the units digit of a?
1
What is the units digit of (4/(-48)*-8)/(4/54)?
9
Suppose -i + 36 = 3. What is the units digit of i?
3
Let u be ((-12)/(-10))/(4/10). Suppose -3*y - 10 = -2*s, -40 + 15 = -5*s - u*y. Suppose -p - 4*p + 5*i + 50 = 0, s*p + i - 20 = 0. What is the units digit of p?
5
Suppose 4*m = m + 12. Suppose -3*r = -17 - m. Let y = r + 4. What is the tens digit of y?
1
Let j(p) = 37*p - 2. Let l(b) = -56*b + 3. Let c(f) = -8*j(f) - 5*l(f). What is the tens digit of c(-1)?
1
Suppose -8*q + 159 = -585. What is the units digit of q?
3
Let f(w) = 18*w + 1. What is the tens digit of f(2)?
3
Suppose -2*u = -2*h - 0*u + 108, 0 = 3*h + u - 166. What is the units digit of h?
5
Suppose 79*j - 75*j + 36 = 0. Let c = 1 + 2. What is the units digit of j/c + (3 - -2)?
2
Suppose -z - 5 = -1. Let m(x) = -x - 2. Let b be m(6). Let f = z - b. What is the units digit of f?
4
Suppose -3*k + 43 + 43 = -4*i, 5 = -i. Let l(r) = -13*r**2. Let z be l(-1). Let d = z + k. What is the units digit of d?
9
Let r = -56 - -169. What is the hundreds digit of r?
1
Let n(l) = 90*l + 21. Let r(o) = -13*o - 3. Let g(t) = 4*n(t) + 27*r(t). Let f be g(-2). What is the units digit of (-2)/1 + f/(-3)?
3
Let l = 521 + -269. What is the units digit of l/10 + 6/(-30)?
5
Let i be 4/(-6) + (-11)/(-3). Suppose -i*d + 8 = -d. What is the units digit of d?
4
What is the units digit of 3 + -2 - (-42 - 2)?
5
Let g(a) = -a**2 - a + 15. Let j(t) = t - 1. Let m(b) = g(b) + 2*j(b). What is the tens digit of m(0)?
1
Suppose -z = -3*z + 14. Let s(k) = -k - 6. Let n be s(z). Let j = -6 - n. What is the units digit of j?
7
Suppose 0*u + 6 = -u. Let h be (-1 + (-9)/u)*2. What is the tens digit of 7 + (h - (-4 + 2))?
1
What is the units digit of (15 - (-3 + 2)) + 1?
7
Suppose -5*c = -10*c - 90. Let w = -39 + 27. Let h = w - c. What is the units digit of h?
6
Let w(x) = -x**3 + 2*x**2 - 4*x. Let b(g) = -g**3 + g**2 - 1. Let z(c) = -3*b(c) + w(c). What is the units digit of z(2)?
7
Suppose -12*z = -14*z + 52. What is the tens digit of z?
2
Let y(b) = 2*b**2 + 2*b + 2. Let u be y(-4). Let k be (-14)/(-6) + (-1)/3. Suppose -3*i + 40 = i + p, -u = -k*i + p. What is the units digit of i?
1
What is the units digit of 10/3*228/8?
5
Let c = 274 - 157. What is the units digit of c?
7
Let l(q) = 2*q**2 + 4*q. Let m be 3*((-2 - 0) + 3). Suppose m*d - 7*d - 16 = 0. What is the tens digit of l(d)?
1
Let w = 6 + -6. Suppose -f - 86 - 15 = -4*m, w = 2*m + 3*f - 61. Suppose 4*p + 4*s - 54 = m, -4*p = s - 65. What is the units digit of p?
5
Suppose -2*r - 3*r + 210 = 0. Suppose j - r = -2*j. What is the units digit of j?
4
Let h = 7 - -21. Suppose 11*v = 7*v + h. What is the units digit of v?
7
Suppose 2*b + 114 = 4*r, 4*r - 3 + 291 = -4*b. Let y = 19 - b. Suppose 5*z - y = -11. What is the units digit of z?
5
Suppose 0 = 5*c - 8*c + 45. What is the tens digit of c?
1
Let d(o) = -40 - 8*o**2 - 3*o**3 + 40 + 2*o**3 + 6*o. What is the units digit of d(-9)?
7
What is the units digit of (-1)/(2/18*-1)?
9
Let l = 16 - 15. What is the units digit of 18/9 - (2 - l)?
1
Let k be (-4)/(-10) + (-116)/(-10). Let o = 1 - 1. Suppose 2*h + o*h = 5*v - k, -2*h = -2*v. What is the units digit of v?
4
Let j = -18 + 17. What is the tens digit of (-1464)/(-32) - j/4?
4
Let t = -31 + 83. What is the tens digit of t?
5
Let k = 1 + -1. Suppose k = -6*b + b + 220. Suppose -l + 5*l = b. What is the units digit of l?
1
What is the tens digit of (-4)/(-1 - 34/(-35)) - -2?
4
Let n be 47 + (1 + -2 - 0). Suppose -n = -4*d - 5*y, -4*d + 35 - 7 = -4*y. What is the units digit of d?
9
Let q(a) = a**3 - 6*a**2 + 7*a - 6. Let x(l) = -l**3 - 3*l**2 + 2*l - 3. Let y be x(-4). Let o be q(y). What is 